*r = 2*m - 23. Let y(t) = -3*t - 5. Let j(w) = m*d(w) - y(w). Determine j(-4).
-1
Suppose -4*b - 3 - 18 = -3*h, 0 = -2*h - 2*b. Let j(a) = -a**3 + 4*a**2 - 2*a - 3. Determine j(h).
0
Let p(y) = -y + 1. Let m be (24/15)/((-6)/(-15)). What is p(m)?
-3
Let q(m) = -4*m + 0*m - 6 + 5*m. Calculate q(7).
1
Let v(c) = -c**3 - 6*c**2 - 4*c + 5. Let b be ((-1)/(-2))/((-5)/(-10)). Let o(u) = u**3 + u**2 + u - 1. Let n(j) = b*v(j) + 4*o(j). Determine n(1).
2
Let z(o) = -o**3 + o**2 - 1. Let j(y) = -2*y**3 - 2*y**2 + 3. Let h(r) = -j(r) - 2*z(r). Determine h(1).
3
Let g(n) = n**3 - 4*n**2 + 3*n - 6. Let v(f) = f + 10. Let t be v(-8). Suppose -l = m - 16, 3*m - m - 16 = t*l. Suppose 0*x = -3*x + m. What is g(x)?
6
Let x(q) be the second derivative of -q**5/20 - q**4/3 + q**3/3 + 5*q**2/2 + 3*q. Suppose 10 = -2*y + 2. Calculate x(y).
-3
Let i(y) be the second derivative of y**4/12 - y**3/6 - 2*y**2 - y. Give i(3).
2
Let u(g) be the first derivative of g**6/72 - g**5/120 + g**4/24 - 2*g**3/3 - 2. Let a(z) be the third derivative of u(z). Determine a(1).
5
Let k(i) = 60*i**3 - 2*i - 59*i**3 + 7*i**2 + i - 1 - 4. Give k(-7).
2
Let o(s) = 20*s**2 + 8*s - 4. Let n(i) = 5*i**2 + 2*i - 1. Let x(r) = 9*n(r) - 2*o(r). Give x(-2).
15
Let q(j) = 8*j**3 - j**2 - j + 1. Let x = -19 + 21. Suppose x = 3*n - n. Give q(n).
7
Let x(q) be the second derivative of q**4/12 - 3*q**3/2 - 8*q. Calculate x(6).
-18
Suppose 7 = h - 2. Suppose r + 0 = -5*z + h, 0 = -2*z + 6. Let f(x) = -x**3 - 5*x**2 + 5*x - 2. Determine f(r).
4
Suppose 4*m = -2*m. Let g(q) be the second derivative of -q**4/12 - 3*q**2 - q. What is g(m)?
-6
Let n(c) = -3*c - 8. Let o(k) = -10*k - 25. Let f = -4 - -2. Let d(r) = -3*r + 1. Let j be d(-2). Let x(z) = f*o(z) + j*n(z). Give x(-4).
-2
Let m(n) = n - 4. Let s be -5 - (4 + -10 + 5). What is m(s)?
-8
Suppose -4*h - o = 2 - 3, -2 = -4*h - 2*o. Suppose -3*g - 3 - 12 = h. Let b(y) = y**3 + 5*y + 2*y**3 - 4*y**2 - 4*y**3. Determine b(g).
0
Suppose -6 = 2*i + z + 4*z, 0 = -4*z. Let c(g) = 1 - 3*g**2 + g**3 + 4*g**2 + g**2. Give c(i).
-8
Let r = 36 + -40. Let n(q) = q**3 + 3*q**2 + 5*q + 2. Give n(r).
-34
Let k be ((-3)/9)/(1/(-12)). Let n(x) = -8*x + 12 - x**3 - 6*x + 9*x**2 + k*x. What is n(8)?
-4
Let t = -2 + 0. Let v = 22 + -15. Let k(u) = u + 0*u + u**2 - v*u - 3 + 2*u. Calculate k(t).
9
Let i(t) = -t**2 + 5*t + 6. Let n be (-5)/((-3)/(4 + -1)). What is i(n)?
6
Suppose -d + 4*r = -6*d - 19, 29 = -3*d + 2*r. Let f(s) = 2 + 3*s**2 - 10*s**2 + 2*s - s**3 + 7 + 0. Give f(d).
-5
Let a(i) = i**2 + i - 5. Let c = -2 + 6. Let p be (-17)/4 - c/(-16). Give a(p).
7
Let b be 1*(-1)/3*9. Let w(s) = -s**2 - 3*s - 2. Give w(b).
-2
Suppose -2*p - 3 = -17. Let o = 7 - p. Let d(b) = 6*b**2 + o + b + 0. What is d(-1)?
5
Let f(v) = -v**3 + 5*v**2. Suppose o = 2*t + 11, -5*o + 2*t + 16 = -15. Let r be f(o). Let b(u) = u. Let d(g) = -3*g + 4. Let y(l) = 2*b(l) + d(l). Give y(r).
4
Let c(d) = 17 - 2*d - 11 - 6. Suppose -x - 4*x - 5 = 0. Let u = x + -1. Determine c(u).
4
Let l(o) = -o**3 - 4*o**2 - o + 2. Let y(f) be the second derivative of f**4/12 - f**3 + f**2/2 + f. Let a be 2/((12/(-10))/(-3)). Let m be y(a). What is l(m)?
6
Let r(q) = -q**2 + 0*q**2 + 8 + q**3 + 8*q**2 + 9*q. Give r(-6).
-10
Let u be ((-2)/6)/((-1)/(-3)). Let h(b) = -3*b**2 - 2*b - 1. Calculate h(u).
-2
Let i(y) be the first derivative of 10*y**3/3 + 5*y**2/2 - 1. Let v(r) = 10*r**2 + 4*r. Let b(t) = -3*i(t) + 4*v(t). What is b(-1)?
9
Let t(b) be the first derivative of 4*b - 1 + 3/2*b**2. What is t(-5)?
-11
Let j(b) = -b**3 + 5*b**2 + 2*b - 6. Let o = -3 + 8. Let x be j(o). Let h(r) be the first derivative of r**4/4 - r**3 - 5*r**2/2 - 2*r - 1. Determine h(x).
-6
Let y(p) = 1. Let k(o) = o - 12. Let f(x) = -k(x) - 5*y(x). Let b be f(5). Let s(j) = 2*j + 10*j**b + j**2 - j - 2*j**2. Determine s(1).
10
Let k = 3 - -14. Suppose 0 = -4*m + k + 7. Let p = -6 + m. Let f(g) = g + 5. Calculate f(p).
5
Let v(a) be the third derivative of -9*a**2 + 0*a - 7/60*a**5 + 1/120*a**6 + 0 - 1/6*a**3 + 1/24*a**4. Calculate v(7).
6
Suppose 0 = -2*y - k + 3 + 9, 3*k = 2*y - 4. Let f(c) = 3*c - 3 + 3 - y. What is f(4)?
7
Let o(y) be the second derivative of -y**3/6 + 12*y**2 + 45*y. Calculate o(0).
24
Let v(m) = 27*m - 14. Let w(x) = 9*x - 5. Let r(f) = -3*v(f) + 8*w(f). Give r(1).
-7
Let b = 31 + -30. Let n(g) = -8*g**3 - g**2 + 1. Calculate n(b).
-8
Let m = 34 - 31. Let p(z) be the third derivative of -3/8*z**4 + 0*z + 0 + z**2 + 0*z**m. Calculate p(-1).
9
Let m(d) = -d + 1. Let r(i) = i - 5. Let j(z) = 3*m(z) + r(z). What is j(-3)?
4
Let h(b) = -6*b + 67 - 69 + 4*b. Give h(4).
-10
Let x(k) = k**3 + 4*k**2 + 2*k. Let u be x(-3). Let i(h) = -1 + 2*h**3 + 0 + 0 - 3*h**u. Suppose 3*q + 22 = 5*w + 5, -2*w = q - 9. Give i(q).
-2
Let p(b) = -103 + 54 + 49 + 2*b. Calculate p(5).
10
Let o(a) = 0 - 5*a**2 - 4 - 13*a + 14. Let u(g) = -g**2 - g + 1. Let j(v) = -o(v) + 6*u(v). Let r be (-1)/(-3)*(-45)/18*-6. Give j(r).
6
Suppose 5*v = 2*x - 8, -12 = -3*x - 2*v + 4*v. Let y(r) = -r**2 + 2*r + 1. Calculate y(x).
-7
Let z(t) = -t**2 - t + 1. Let y(k) = -6*k**2 - 1. Let g(r) = -y(r) - z(r). Suppose -q + 6 + 1 = 0. Suppose -d = 3*u - 5, 0 = 3*u - q + 1. Give g(d).
6
Let x(n) = n**3 - 6*n**2 + 4*n - 2. Suppose t = -0*t + 5. Suppose -k = -t*k + 20. Give x(k).
-7
Let t(k) be the first derivative of -k**3/3 + 9*k**2/2 - 5*k - 1. Let b be t(8). Let m(o) = -2*o - 1. Determine m(b).
-7
Let c = 20 + -18. Let d be (-3)/c*(15 - 11). Let l(w) = w**3 + 5*w**2 - 6*w - 4. What is l(d)?
-4
Suppose -s = -6*i + i - 44, -4*i = 3*s + 20. Let c = i - -13. Let q(r) be the third derivative of r**6/120 - r**5/15 - r**4/6 - r**3/6 - 7*r**2. What is q(c)?
4
Let k(p) = -3*p + 4. Let h be 6/((-1)/2 + 2). Suppose h = -3*t + 13. Determine k(t).
-5
Let y(o) = 4*o**2 + 3*o - 1. Let j(n) = -2*n**2 - n + 1. Let w(i) = -7*j(i) - 3*y(i). Determine w(3).
8
Let f(w) = -w - 3. Let x be f(-4). Let a(d) = d + x - 3*d + d. Let i = 14 + -9. Calculate a(i).
-4
Suppose -5*n - 3 + 18 = 0. Let w(q) = q**2 - 4*q - 2. Give w(n).
-5
Let y(o) = -o + 8. Let m(w) = 4*w - 3. Let v be m(6). Suppose 3*u = 2*x - 16, v + 1 = -u + 4*x. Let p be (-74)/(-14) - u/(-7). Calculate y(p).
3
Let l(b) = b**2 - 7*b + 2. Let o = 32 - 17. Let c = o - 10. What is l(c)?
-8
Let u(g) = g - 3 + 9 - 4 + 3*g. Give u(-3).
-10
Let s(w) = -64*w + 36*w - 2 + 29*w. Determine s(-5).
-7
Suppose 2*z = b + 2, 3*z + 2*b - 2 = -6. Let g(h) = -h**2 - h + 2. Let k(j) = 2*j**2 + 2*j - 4. Let v(a) = -5*g(a) - 3*k(a). Give v(z).
2
Suppose 0 = 5*d + 2*b + 25, 0 = -3*d + 4*b + 4 + 7. Let c be 2/d + (-40)/(-6). Let w = 2 - c. Let z(s) = s**3 + 4*s**2 + 2*s + 6. Give z(w).
-2
Let k(q) = 4*q**3 + 2*q**3 - 92*q + 91*q - 2*q**2. Determine k(-1).
-7
Let y(m) be the second derivative of -1/6*m**4 + 0 + 0*m**2 + 5*m + 1/2*m**3. Calculate y(3).
-9
Let g be ((-10)/30 - (-2)/6) + 1. Let x(c) = 2*c**3 - c**2 + c - 1. Calculate x(g).
1
Suppose 0 = -2*q + 3 - 1. Let w(i) = -1 - i + 2 + 2*i - i**2. Determine w(q).
1
Let s(b) be the first derivative of 2 - 1/3*b**3 - 5/2*b**2 - 4*b. Let a(l) = -l - 2. Let d be a(2). Calculate s(d).
0
Let w(n) = 3 - 8*n**2 - 2 + 10*n**2. Calculate w(2).
9
Let u(r) be the first derivative of 5/2*r**2 - 2 - 1/3*r**3 - 3*r. Give u(2).
3
Suppose -7*x + 12 = -x. Let t(d) be the second derivative of 1/2*d**x - 1/6*d**3 - 4*d + 0. What is t(3)?
-2
Let k = 6 - 3. Suppose 3*w + 13 = -5*b, 0*b = 2*w - b - 13. Let o(d) = 3*d - w*d - d**2 + 5*d. Calculate o(k).
3
Suppose 2*m = -3*m + 40. Suppose m = 2*u - 4*u. Let h = u - 0. Let b(o) = -2*o - 6. Give b(h).
2
Suppose -7*v - 10 = -3. Let p(k) = -9*k**2. Determine p(v).
-9
Let m be 1*(4 - 2) + 1. Let b(d) = 5*d**2 - 2*d**m - 4*d - 3*d**3 - 3*d**3 + d**3. Let g(l) = l**3 - l**2 + l. Let t(h) = b(h) + 3*g(h). Give t(1).
-3
Let t(y) = 2*y + 18. Let h be t(-9). Let n(i) = -i**3 + 16. Give n(h).
16
Let f(n) = n - 7. Let z be f(7). Suppose 3*v + 4 = -k, -3*k + k - 2*v = z. Let x(p) = -2*p + 2 + 4*p**k + 0 + p**3 - 3. Determine x(-4).
7
Suppose 2*t = -2*w + 10, -w = -4*t + 1 + 24. Let y(n) = -3*n - 1. Determine y(t).
-19
Let r(q) be the second derivative of q**4/12 + q**3/6 + 3*q**2/2 - 15*q. Calculate r(-3).
9
Let a(s) = 0 - 2*s - 1 + 5. Let k(b) = b + 4. Let t be k(-4). Suppose -z - 3 + 0 